 5343242804?
3
What is the hundreds digit of 2328267913?
9
What is the hundred millions digit of 1321171042?
3
What is the ten millions digit of 815289101?
1
What is the hundreds digit of 10401221?
2
What is the ten millions digit of 42802182?
4
What is the ten thousands digit of 398264641?
6
What is the ten thousands digit of 2312305671?
0
What is the tens digit of 77813559?
5
What is the hundred thousands digit of 2118462299?
4
What is the hundred thousands digit of 89308874?
3
What is the thousands digit of 1169177958?
7
What is the millions digit of 29333794?
9
What is the ten millions digit of 2780232759?
8
What is the hundred thousands digit of 12744523?
7
What is the units digit of 121897730?
0
What is the millions digit of 47386885?
7
What is the units digit of 63237483?
3
What is the hundred thousands digit of 8236107387?
1
What is the ten thousands digit of 1644341259?
4
What is the ten thousands digit of 164081417?
8
What is the tens digit of 301970910?
1
What is the hundred thousands digit of 452972069?
9
What is the ten millions digit of 374036990?
7
What is the thousands digit of 95100205?
0
What is the hundreds digit of 668795525?
5
What is the tens digit of 511005334?
3
What is the millions digit of 73409839?
3
What is the ten thousands digit of 2004049595?
4
What is the ten millions digit of 39822295?
3
What is the units digit of 97879635?
5
What is the hundreds digit of 7326659?
6
What is the ten thousands digit of 278439344?
3
What is the hundreds digit of 28630333?
3
What is the ten thousands digit of 1436701?
3
What is the hundreds digit of 66437072?
0
What is the hundreds digit of 322715069?
0
What is the units digit of 138825321?
1
What is the millions digit of 278882172?
8
What is the hundred thousands digit of 42890811?
8
What is the tens digit of 16956169?
6
What is the ten thousands digit of 13208289?
0
What is the units digit of 71257517?
7
What is the ten millions digit of 81454777?
8
What is the hundred thousands digit of 20282380?
2
What is the tens digit of 275837176?
7
What is the hundred millions digit of 116576755?
1
What is the tens digit of 110731008?
0
What is the millions digit of 20658938?
0
What is the hundred millions digit of 1696983886?
6
What is the thousands digit of 1936206937?
6
What is the units digit of 1847823597?
7
What is the ten millions digit of 314733072?
1
What is the hundred millions digit of 1337044537?
3
What is the units digit of 79127050?
0
What is the units digit of 20092447?
7
What is the millions digit of 153259980?
3
What is the ten thousands digit of 1085682009?
8
What is the hundred thousands digit of 260358014?
3
What is the ten millions digit of 346016143?
4
What is the thousands digit of 13595889?
5
What is the hundred thousands digit of 3653379255?
3
What is the hundred thousands digit of 1090124?
0
What is the thousands digit of 70039613?
9
What is the units digit of 6634388656?
6
What is the millions digit of 600210656?
0
What is the ten thousands digit of 40984403?
8
What is the millions digit of 7337791?
7
What is the ten millions digit of 9505365195?
0
What is the units digit of 26756341?
1
What is the thousands digit of 291299066?
9
What is the thousands digit of 4580581893?
1
What is the hundred millions digit of 5665896788?
6
What is the hundreds digit of 2439714?
7
What is the thousands digit of 2872869029?
9
What is the hundred thousands digit of 46161239?
1
What is the tens digit of 561418620?
2
What is the millions digit of 20101153?
0
What is the hundreds digit of 50711243?
2
What is the tens digit of 550922963?
6
What is the tens digit of 3195996721?
2
What is the tens digit of 154558954?
5
What is the ten millions digit of 167140848?
6
What is the hundred millions digit of 5868341945?
8
What is the ten millions digit of 3452484804?
5
What is the millions digit of 5037384315?
7
What is the thousands digit of 22468784?
8
What is the hundred millions digit of 986802116?
9
What is the thousands digit of 21856010?
6
What is the ten millions digit of 1123453387?
2
What is the hundreds digit of 53245476?
4
What is the ten millions digit of 52916651?
5
What is the units digit of 117698009?
9
What is the hundred thousands digit of 50847380?
8
What is the hundreds digit of 1230313857?
8
What is the hundred thousands digit of 37870190?
8
What is the hundreds digit of 64815535?
5
What is the thousands digit of 63905891?
5
What is the hundred millions digit of 2250505463?
2
What is the units digit of 5852749226?
6
What is the ten thousands digit of 99580936?
8
What is the ten millions digit of 45613347?
4
What is the hundreds digit of 23167491?
4
What is the ten thousands digit of 20530339?
3
What is the hundred thousands digit of 270769942?
7
What is the millions digit of 12235168?
2
What is the thousands digit of 2531192006?
2
What is the millions digit of 4274896286?
4
What is the ten millions digit of 608330721?
0
What is the tens digit of 44491738?
3
What is the tens digit of 251293806?
0
What is the units digit of 37931684?
4
What is the units digit of 6212786142?
2
What is the hundreds digit of 26511347?
3
What is the tens digit of 28965845?
4
What is the units digit of 136951749?
9
What is the thousands digit of 28261129?
1
What is the hundred thousands digit of 1880510979?
5
What is the ten thousands digit of 23957449?
5
What is the hundred millions digit of 446710563?
4
What is the hundreds digit of 134271868?
8
What is the thousands digit of 479830779?
0
What is the ten thousands digit of 1638274926?
7
What is the millions digit of 45180966?
5
What is the hundred millions digit of 193293271?
1
What is the hundred millions digit of 275604212?
2
What is the millions digit of 2276086953?
6
What is the hundred thousands digit of 254778506?
7
What is the hundred thousands digit of 1827022437?
0
What is the tens digit of 545971779?
7
What is the thousands digit of 92776529?
6
What is the hundred thousands digit of 72071265?
0
What is the ten millions digit of 103209444?
0
What is the units digit of 21651985?
5
What is the ten millions digit of 6766200037?
6
What is the units digit of 2452715875?
5
What is the hundred millions digit of 339372865?
3
What is the hundred thousands digit of 212421?
2
What is the millions digit of 1314256101?
4
What is the hundreds digit of 1370261079?
0
What is the millions digit of 2693154747?
3
What is the thousands digit of 3043977928?
7
What is the ten thousands digit of 2765227154?
2
What is the hundreds digit of 1547870968?
9
What is the millions digit of 41401554?
1
What is the thousands digit of 50617213?
7
What is the millions digit of 118875709?
8
What is the thousands digit of 5072833230?
3
What is the millions digit of 567532204?
7
What is the ten thousands digit of 9988113?
8
What is the ten thousands digit of 529028871?
2
What is the hundreds digit of 243813282?
2
What is the hundreds digit of 24716233?
2
What is the billions digit of 1647554984?
1
What is the millions digit of 73037531?
3
What is the hundred millions digit of 304587407?
3
What is the hundred millions digit of 127419021?
1
What is the thousands digit of 532673820?
3
What is the hundreds digit of 496204475?
4
What is the tens digit of 486523345?
4
What is the units digit of 3544604254?
4
What is the millions digit of 798612659?
8
What is the millions digit of 1507714634?
7
What is the hundreds digit of 33849738?
7
What is the hundred thousands digit of 2706741207?
7
What is the hundreds digit of 307099663?
6
What is the ten thousands digit of 364951293?
5
What is the hundreds digit of 3775103977?
9
What is the hundred thousands digit of 83778155?
7
What is the hundreds digit of 4598154058?
0
What is the units digit of 25334999?
9
What is the millions digit of 168461417?
8
What is the tens digit of 1282994697?
9
What is the units digit of 21788386?
6
What is the thousands digit of 130768392?
8
What is the hundred thousands digit of 787817?
7
What is the tens digit of 124488668?
6
What is the hundred millions digit of 2816038396?
8
What is the ten thousands digit of 902586312?
8
What is the tens digit of 2632090793?
9
What is the millions digit of 70349007?
0
What is the hundred thousands digit of 249249?
2
What is the ten thousands digit of 3941420494?
2